(h) = -h - 11. Let j(w) = 21*w + 121. Let a be j(-4). Let x = -42 + a. What is p(x)?
-6
Let u = -9 - -17. Suppose -z - u = z. Let j(q) = -1 + 0*q + 32*q - 28*q. Give j(z).
-17
Let a(g) = -2*g**3 - g**2 + g + 1. Let n be 85 + 6/1 + -6. Let j be 1/((-76)/68 - (-10)/n). Give a(j).
1
Let m(t) = -2*t + 7. Let u be -74*((-2)/1 - 0). Suppose -u = -21*b - 43. What is m(b)?
-3
Let l(j) = -j**3 - 15*j**2 + 19*j + 57. Let u be l(-16). Let t(d) = 1 + 7 + u*d - 1 - 2 + 8 + d**2. What is t(-8)?
5
Let k(p) = 2 - 4*p**2 + 465*p**3 + 592*p - 594*p - 464*p**3 + 3*p**2. Calculate k(-2).
-6
Let x(g) be the third derivative of -g**4/6 - 2*g**3/3 - 2*g**2. Let q be -27*(4/16)/(2/24). Let t be (12/(-9))/((-36)/q). What is x(t)?
8
Let t be 31/((-5)/(4 - 9)). Suppose 0 = 4*i + 2*s - 0 - 36, -i + t = -5*s. Let w(k) = 9*k - i*k + 0*k. Give w(2).
-4
Let v(q) = -6*q**2 - 5*q + 19. Let r(t) = -2*t**2 - 2*t + 6. Let o = -23 + 33. Suppose 0 = 3*k + 2*k - o. Let a(p) = k*v(p) - 7*r(p). Give a(-4).
12
Let g(q) = -q**2 + 21*q + 382 - 16*q + 0*q**2 - 369. Determine g(-2).
-1
Suppose -4*f - 80 = -5*s, -4*s + 30 = -4*f - 34. Let p(a) be the third derivative of -a**4/24 + 2*a**3 + 7335*a**2 - 1. What is p(s)?
-4
Let m(c) = 62*c**2 - 2*c**3 - 11*c + 1 - 53*c**2 + 5*c. Give m(4).
-7
Let j(h) = -3*h**3 - 67*h**2 - 22*h + 3. Suppose 2*q + 18*q = 29 - 469. Determine j(q).
3
Let b be (-22)/(-1) + 1736/248. Let p(c) = 2*c**2 - 56*c - 54. Determine p(b).
4
Suppose -5*a - 47 = -142. Let y(d) = -a + d + 7*d - 5*d + 19. Calculate y(-2).
-6
Let i be 200/14 - 12/42. Let o(a) = 8*a + a + 3*a - i*a - 2 + 6*a. What is o(-6)?
-26
Let h be (643/(-6430))/(0 + 12/(-5)). Let g(b) be the third derivative of 0*b - 1/2*b**3 + 0 + h*b**4 - 15*b**2. Calculate g(7).
4
Let k(s) = s**2 - 8*s - 2. Let d be (-1)/7 - (-10044)/434. Suppose 2*y - 2*x - d = x, -4*y + 2*x = -34. Determine k(y).
-9
Let k(q) = -q**3 + 3*q**2 + 6*q - 5. Let w be k(4). Let j = -56 - -58. Let r(m) = -j*m + 19*m**2 - 18*m**3 + 19*m**3 - 21*m**2 - 3. Determine r(w).
0
Let g(j) = -10*j - 42. Let b(h) = -1. Let o(z) = -9*b(z) - g(z). Calculate o(-4).
11
Let j = 50 + -47. Suppose j*m = 2*m + 18. Let t(h) = 17 + m - 54 + 16 + h. Determine t(9).
6
Let m(x) = -x**2 - 3*x**2 + 12 + 7*x + 5*x**2. Let f be 0 + -4 + (14 - -73)/(-87). Calculate m(f).
2
Suppose 10 + 0 = -2*d - 4*z, -24 = 4*d + 4*z. Let v(x) be the second derivative of -1/2*x**4 + 0 - 1/20*x**5 - 1/2*x**2 - 6*x + 7/6*x**3. What is v(d)?
-1
Let a(l) = l**2 - 3*l - 1. Suppose -3*s + 12 + 3 = 0. Suppose -z + s*z - 28 = 0. Determine a(z).
27
Suppose 5059 = 230*b - 461. Let n(u) = -3*u**2 + 73*u - 24. Calculate n(b).
0
Let f(g) = -26*g**2 - 33*g + 38. Let u = -656 - -660. Let x(k) = -15*k**2 - 17*k + 19. Let b(y) = u*f(y) - 7*x(y). Determine b(12).
7
Let h(d) = 2*d - 3. Let z(l) be the second derivative of l**5/20 + l**4/2 + l**3/2 - 15*l**2/2 + 125*l + 1. Let j be z(-4). Give h(j).
7
Let v(z) = -25*z - 6. Let k(g) = -9*g - 1. Let p(i) = -4*k(i) + v(i). Determine p(1).
9
Let f(c) be the second derivative of c**5/20 - c**4/2 + c**3/3 - 6*c**2 - 3661*c. Calculate f(6).
0
Let r(f) = 249 - 128 - 96 - f. Calculate r(32).
-7
Let p be (-16)/(-6)*(-3549)/(-728). Let r(x) = x**3 - 12*x**2 - 9*x - 11. Determine r(p).
41
Let z(y) be the first derivative of y**4/4 - 4*y**3/3 - y**2/2 - 5*y - 1037. What is z(-2)?
-27
Suppose 20 = 4*y - 2*y. Let c be ((-6)/(-10))/(3/y). Let w(j) = 2*j + 2 - 121*j**c + 2*j**3 - 3*j**3 + 122*j**2. What is w(3)?
-10
Let v = 27 + -24. Suppose 4*c + 19 = -4*z + 51, -2*z = v*c - 18. Suppose 3*s - 12 = z. Let b(p) = 2*p - 7. Calculate b(s).
5
Suppose 2190 = 6*l + 49*l + 91*l. Let n(i) be the second derivative of -i**4/12 + 7*i**3/3 + 11*i**2/2 + 2*i. What is n(l)?
-4
Let w(g) = -28*g - 1057. Let o be w(-38). Let r(p) = 2*p**2 + p - 78. Determine r(o).
27
Let f = 10 - 1. Suppose 5*l - 3*k = -0*k - f, 2 = -2*l + 2*k. Let d be (1/3)/(-2*l/(-18)). Let v(a) = 2*a**2 - 1. Calculate v(d).
1
Let s(g) = g - 41*g - 3*g + 12*g**3 + 40*g - 3. What is s(-1)?
-12
Let i(n) = 197*n - 594. Let u be i(3). Let c(j) = j + 1. Let g(f) = 10*f + 10. Let d(w) = 6*c(w) - g(w). Calculate d(u).
8
Let t(j) = 240*j**2 - 270*j - 453. Let i(v) = -57*v**2 + 67*v + 113. Let m(l) = 21*i(l) + 5*t(l). What is m(-2)?
6
Suppose -711*g = -709*g - 18. Let p be 44/11 - (1 - 0). Let n(f) = 15*f**2 - 2*f**p + 0*f**2 - f + f**3 - 6*f**2 + 13. Calculate n(g).
4
Suppose 2*y - 6 + 0 = 2*d, 4*y = 3*d + 14. Let r(o) = o**2 - 8*o + 17. Let v be r(y). Let x(p) = 48*p**2 + 51*p**v - 97*p**2 - p. Give x(-1).
3
Let d = -21995 - -21985. Let i(y) = -11*y - 16 + y**2 + 0*y**2 - 2*y**2. What is i(d)?
-6
Let g(i) = i**3 + 5*i**2 + 3*i + 4. Let j be (-78)/(-10) - (-8 + (-156)/(-20)). Suppose w - 2*l = -j, -4 = -53*l + 51*l. Determine g(w).
8
Let y(n) be the first derivative of n**6/120 - 2*n**5/15 - n**4/4 - 13*n**3/6 + n**2/2 + 35*n + 104. Let m(b) be the second derivative of y(b). What is m(9)?
14
Let y(s) = s**2 - 4*s + 4. Let z(b) = -6*b + 65. Let g be z(0). Suppose -85 = -30*l + g. Determine y(l).
9
Let l(u) = u**2 - 6*u + 17. Let a be -6 - (16/(-6))/((-52)/(-156)). What is l(a)?
9
Let b(n) be the second derivative of -1/12*n**4 + 111*n - 1/2*n**2 + 1 + 2/3*n**3. Determine b(5).
-6
Let g(d) = -4*d + 1. Suppose -c - l = -216, -2*c + 436 = 5*l - 2. Let t = c - 217. Calculate g(t).
13
Let u(m) = 3*m - 4. Suppose 5*t - 17 = -o, 5*t - 2*o = 8 + 3. Suppose -t*w = -h + 14, -5*w + w - 2 = 2*h. Suppose -h*n - 21 = 4. Calculate u(n).
-19
Let b(q) = -2*q**3 - q**2 + 7*q + 9. Let r(y) = -2*y**2 - 68*y - 453. Let a be r(-9). What is b(a)?
33
Let w(m) = 8*m + 1. Let d(p) = 7*p + 1. Let z(c) = -4*d(c) + 3*w(c). Let i be ((-8)/(-14))/(470/188*4/70). Give z(i).
-17
Let c(r) = r**3 + 5*r**2 - 4*r + 20. Let q be c(-6). Let b(f) = 4*f**2 - 31*f - 3. Let d be b(q). Let t(v) = d*v + 6 - 1 - 3*v + 0*v. Calculate t(-4).
-3
Let b be 0/4 - (1 + -2). Let m(a) = a - 1. Let v(n) = -11*n. Let g(d) = b*m(d) - v(d). Let j(k) = 7*k - 1. Let c(h) = 3*g(h) - 5*j(h). Determine c(-4).
-2
Let d(h) = 6*h**2 + 4*h - 3. Let t be d(2). Let a = t + -41. Let x be (3/(-2))/(a/(-16)). Let p(r) = -2*r**3 - 3*r**2 - 4*r - 3. Calculate p(x).
9
Let v(b) = b**2 - 9. Let a = -3136 + 3136. Give v(a).
-9
Let w(c) = 3*c + 66. Suppose -18*n - 131 = 13*n + 489. Give w(n).
6
Suppose -2*v + 13 = c, c + 15 - 4 = 4*v. Suppose 0 = 4*t - c*t. Let d(w) = -3*w**3 + 6*w**2 - 5*w**2 - 219 + 4*w**3 + 226. What is d(t)?
7
Let y(n) = 43*n**2 - 5*n + 59. Let b(w) = -65*w**2 + 4*w - 55. Let i(z) = 2*b(z) + 3*y(z). Determine i(-13).
-11
Let v(c) = -6 - 26*c + 59*c - 23*c - 10. Let w(k) = -5 - 5*k + 2*k + 6*k. Let m(g) = 2*v(g) - 7*w(g). Calculate m(-4).
7
Let q(o) = -5*o**2 - 32*o + 0*o**2 + 4*o**2 + 5 + 22*o. Determine q(-9).
14
Let l(k) be the first derivative of 4*k - 1/2*k**2 - 138. What is l(5)?
-1
Let j = 1131 + -1128. Let h(r) be the third derivative of 19*r**2 - 1/6*r**j + 0 - 1/12*r**4 + 1/10*r**5 + 0*r. Give h(-1).
7
Let s(z) = z**3 - 6*z**2 - 10*z + 3. Suppose -28*v = 749 - 945. Calculate s(v).
-18
Let h(r) = -11*r - 28. Let q(a) = 21*a + 32. Let x(s) = -11*h(s) - 6*q(s). Determine x(23).
1
Let d(h) be the second derivative of 3*h**5/20 - h**4/12 - h**3/6 - h**2/2 - 2*h. Suppose 6*j - 5*j - 3*x - 10 = 0, -12 = -2*j + 4*x. What is d(j)?
-27
Let p(y) = 86*y + 27. Let v(u) = -51*u - 16. Let f(c) = -3*p(c) - 5*v(c). Determine f(-2).
5
Let t = 1666 + -1663. Let l(v) be the second derivative of 0 + 8*v - 5/2*v**2 + 2/3*v**t + 1/12*v**4. What is l(-5)?
0
Let v(j) = -j**3 + 7*j**2 - 2*j - 2. Suppose 3*g - 15*x - 1 = -20*x, 3*x + 47 = 5*g. Give v(g).
-16
Let q(m) = -3*m - 6. Suppose 12*r = 50 + 10. Let w be -2*(3/r)/(4/20). Determine q(w).
12
Suppose -5*h - 3*h = -56. Let g(w) be the first derivative of -w**2 - 8*w - 425. Determine g(h).
-22
Suppose 0 = -x + 1 + 28. Suppose -24*t = -x*t + 15. Suppose 0 = 2*v + t - 7. Let h(i) = 6*i - 1. Determine h(v).
11
Suppose -5*a + 0*a - 50 = 0. Let p(r) be the first derivative of 13*r - 1/3*r**3 - 4*r**2 - 79. Give p(a).
-7
Let j(y) = -y**2 - 10*y - 12. Let x(g) = -g - 4*g**2 + 10*g + 3*g**2 - 14. Let o be x(5). Let l(d) = 2*d**2 - 13*d - 3. Let k be l(o). Give j(k).
-3
Let t(o) = -o**3 + 7*o**2 + 3*o - 6. Suppose -4*p + 743*s = 739*s - 40, 0 = -4*p + s + 28